582?
2, 100291
List the prime factors of 31856618.
2, 487, 32707
What are the prime factors of 15762?
2, 3, 37, 71
What are the prime factors of 2528328?
2, 3, 11, 61, 157
List the prime factors of 417101.
37, 11273
List the prime factors of 223753.
223753
What are the prime factors of 1027596?
2, 3, 19, 4507
List the prime factors of 9692896.
2, 302903
What are the prime factors of 270267?
3, 90089
What are the prime factors of 113371?
113371
What are the prime factors of 6062037?
3, 2020679
List the prime factors of 3978707.
3978707
What are the prime factors of 655191?
3, 43, 1693
List the prime factors of 2828954.
2, 23, 89, 691
What are the prime factors of 61246?
2, 113, 271
What are the prime factors of 24648103?
3547, 6949
List the prime factors of 3460584.
2, 3, 19, 7589
What are the prime factors of 89148?
2, 3, 17, 19, 23
List the prime factors of 194942.
2, 11, 8861
List the prime factors of 8086554.
2, 3, 7, 2377
What are the prime factors of 448595?
5, 7, 1831
List the prime factors of 160332.
2, 3, 31, 431
What are the prime factors of 1610651?
7, 43, 5351
What are the prime factors of 19565257?
71, 239, 1153
What are the prime factors of 3918780?
2, 3, 5, 41, 59
What are the prime factors of 9970844?
2, 13, 191747
What are the prime factors of 1448986?
2, 7, 11, 97
What are the prime factors of 161196?
2, 3, 7, 19, 101
What are the prime factors of 18427285?
5, 151, 24407
What are the prime factors of 877839?
3, 53, 5521
List the prime factors of 253495.
5, 11, 419
What are the prime factors of 2023465?
5, 404693
List the prime factors of 428175.
3, 5, 11, 173
List the prime factors of 193869.
3, 13, 1657
What are the prime factors of 14149828?
2, 7, 11, 6563
List the prime factors of 124399.
11, 43, 263
What are the prime factors of 6173942?
2, 3086971
What are the prime factors of 1198591?
113, 10607
List the prime factors of 4110523.
719, 5717
What are the prime factors of 435263?
435263
List the prime factors of 214651.
214651
What are the prime factors of 7155795?
3, 5, 53, 9001
List the prime factors of 150231.
3, 50077
List the prime factors of 1822323.
3, 127, 4783
List the prime factors of 9818515.
5, 7, 53, 67, 79
List the prime factors of 298238.
2, 149119
List the prime factors of 415744.
2, 7, 29
List the prime factors of 7040703.
3, 17, 138053
List the prime factors of 943937.
337, 2801
List the prime factors of 20425915.
5, 4085183
List the prime factors of 4278477.
3, 7, 19, 10723
List the prime factors of 7990106.
2, 1571, 2543
List the prime factors of 21484244.
2, 29, 89, 2081
List the prime factors of 299654.
2, 149827
What are the prime factors of 3220514?
2, 11, 17, 79, 109
What are the prime factors of 138308?
2, 71, 487
List the prime factors of 3923163.
3, 435907
What are the prime factors of 1986726?
2, 3, 7, 47303
What are the prime factors of 240480?
2, 3, 5, 167
List the prime factors of 2039085.
3, 5, 113, 401
List the prime factors of 18619253.
71, 191, 1373
What are the prime factors of 208092?
2, 3, 17341
List the prime factors of 1385313.
3, 17, 23, 1181
What are the prime factors of 494839?
419, 1181
What are the prime factors of 911893?
911893
What are the prime factors of 15132985?
5, 7, 337, 1283
What are the prime factors of 162512?
2, 7, 1451
What are the prime factors of 15629011?
53, 294887
What are the prime factors of 19311819?
3, 191, 33703
List the prime factors of 1393779.
3, 17, 27329
List the prime factors of 550881.
3, 2267
List the prime factors of 9915846.
2, 3, 31, 89, 599
What are the prime factors of 6855333?
3, 19, 127, 947
List the prime factors of 956909.
956909
List the prime factors of 25054.
2, 12527
What are the prime factors of 3482690?
2, 5, 348269
List the prime factors of 774038.
2, 107, 3617
What are the prime factors of 173754?
2, 3, 7, 197
What are the prime factors of 3306210?
2, 3, 5, 191, 577
List the prime factors of 116502.
2, 3, 19417
List the prime factors of 195668.
2, 11, 4447
List the prime factors of 946955.
5, 189391
List the prime factors of 1665480.
2, 3, 5, 13879
What are the prime factors of 170655?
3, 5, 31, 367
List the prime factors of 21623424.
2, 3, 56311
What are the prime factors of 58723?
7, 8389
List the prime factors of 1428086.
2, 11, 139, 467
List the prime factors of 24891192.
2, 3, 115237
What are the prime factors of 15359436?
2, 3, 142217
What are the prime factors of 2946669?
3, 11, 89293
List the prime factors of 237561.
3, 79187
List the prime factors of 17102558.
2, 11, 777389
What are the prime factors of 4200334?
2, 2100167
What are the prime factors of 1866104?
2, 19, 12277
List the prime factors of 874320.
2, 3, 5, 3643
What are the prime factors of 195222?
2, 3, 32537
What are the prime factors of 4084854?
2, 3, 680809
List the prime factors of 5765936.
2, 11, 181
List the prime factors of 9688415.
5, 11, 176153
List the prime factors of 186198.
2, 3, 31033
What are the prime factors of 185631?
3, 43, 1439
List the prime factors of 5241070.
2, 5, 401, 1307
List the prime factors of 29188490.
2, 5, 17, 171697
List the prime factors of 1111238.
2, 191, 2909
What are the prime factors of 3712583?
7, 75767
List the prime factors of 23408969.
19, 1103, 1117
What are the prime factors of 64205?
5, 12841
What are the prime factors of 1364191?
1364191
What are the prime factors of 1081082?
2, 540541
What are the prime factors of 11251386?
2, 3, 7717
List the prime factors of 353888.
2, 11059
List the prime factors of 5386445.
5, 1077289
List the prime factors of 669253.
13, 51481
List the prime factors of 297170.
2, 5, 29717
What are the prime factors of 20546?
2, 10273
What are the prime factors of 2255449?
7, 23, 14009
List the prime factors of 246931.
246931
List the prime factors of 730096.
2, 45631
List the prime factors of 331854.
2, 3, 19, 41, 71
What are the prime factors of 1330339?
271, 4909
What are the prime factors of 532513?
19, 28027
List the prime factors of 168193.
168193
List the prime factors of 424957.
13, 97, 337
What are the prime factors of 6159845?
5, 83, 14843
What are the prime factors of 2019871?
7, 19, 15187
What are the prime factors of 308214?
2, 3, 17123
List the prime factors of 1747007.
1747007
What are the prime factors of 643614?
2, 3, 107269
What are the prime factors of 8514327?
3, 2838109
What are the prime factors of 1116636?
2, 3, 93053
What are the prime factors of 3376386?
2, 3, 13, 47, 307
List the prime factors of 965427.
3, 41, 47, 167
List the prime factors of 6768518.
2, 3384259
List the prime factors of 5177673.
3, 17, 43, 787
What are the prime factors of 496965?
3, 5, 7, 4733
List the prime factors of 19224250.
2, 5, 131, 587
List the prime factors of 125498.
2, 131, 479
List the prime factors of 775689.
3, 258563
List the prime factors of 1089524.
2, 272381
What are the prime factors of 11810924?
2, 1103, 2677
List the prime factors of 3030006.
2, 3, 7, 19, 3797
List the prime factors of 1932414.
2, 3, 11, 19, 23, 67
List the prime factors of 453253.
281, 1613
List the prime factors of 11281032.
2, 3, 7, 829
List the prime factors of 145914.
2, 3, 83, 293
What are the prime factors of 161995?
5, 179, 181
What are the prime factors of 126413?
7, 18059
List the prime factors of 24078813.
3, 11, 729661
List the prime factors of 10837838.
2, 11, 492629
What are the prime factors of 86364?
2, 3, 2399
What are the prime factors of 98492?
2, 24623
What are the prime factors of 1039546?
2, 47, 11059
What are the prime factors of 3152403?
3, 23, 97, 157
List the prime factors of 373863.
3, 7, 19, 937
List the prime factors of 827841.
3, 7, 79, 499
What are the prime factors of 239203?
251, 953
List the prime factors of 875063.
7, 41, 3049
List the prime factors of 7917809.
7917809
List the prime factors of 1208739.
3, 7, 57559
List the prime factors of 362561.
362561
List the prime factors of 31133298.
2, 3, 7, 29, 25561
List the prime factors of 28229201.
7, 11, 13, 28201
What are the prime factors of 381248?
2, 7, 23, 37
What are the prime factors of 2492130?
2, 3, 5, 83071
List the prime factors of 4320037.
227, 19031
What are the prime factors of 4278496?
2, 19, 31, 227
What are the prime factors of 16969367?
41, 413887
List the prime factors of 1825408.
2, 13, 1097
What are th